der when 685 is divided by 86.
83
Calculate the remainder when 330 is divided by 70.
50
Calculate the remainder when 103 is divided by 5.
3
Calculate the remainder when 465 is divided by 229.
7
What is the remainder when 6996 is divided by 119?
94
What is the remainder when 1972 is divided by 162?
28
Calculate the remainder when 103 is divided by 42.
19
Calculate the remainder when 5398 is divided by 180.
178
What is the remainder when 282 is divided by 267?
15
Calculate the remainder when 4944 is divided by 26.
4
What is the remainder when 1286 is divided by 107?
2
Calculate the remainder when 527 is divided by 170.
17
Calculate the remainder when 344 is divided by 136.
72
What is the remainder when 279 is divided by 57?
51
What is the remainder when 340 is divided by 69?
64
What is the remainder when 194 is divided by 50?
44
Calculate the remainder when 2277 is divided by 162.
9
What is the remainder when 5071 is divided by 1259?
35
Calculate the remainder when 1831 is divided by 73.
6
What is the remainder when 232 is divided by 9?
7
What is the remainder when 788 is divided by 89?
76
Calculate the remainder when 109 is divided by 16.
13
What is the remainder when 89 is divided by 68?
21
Calculate the remainder when 1139 is divided by 41.
32
Calculate the remainder when 2674 is divided by 107.
106
What is the remainder when 5399 is divided by 180?
179
Calculate the remainder when 1313 is divided by 22.
15
Calculate the remainder when 113 is divided by 42.
29
Calculate the remainder when 60 is divided by 19.
3
What is the remainder when 25941 is divided by 218?
217
What is the remainder when 1011 is divided by 18?
3
Calculate the remainder when 393 is divided by 99.
96
What is the remainder when 452 is divided by 91?
88
What is the remainder when 187 is divided by 32?
27
Calculate the remainder when 2509 is divided by 20.
9
Calculate the remainder when 428 is divided by 70.
8
What is the remainder when 1109 is divided by 101?
99
Calculate the remainder when 114 is divided by 26.
10
Calculate the remainder when 263 is divided by 18.
11
Calculate the remainder when 1871 is divided by 304.
47
Calculate the remainder when 168 is divided by 17.
15
Calculate the remainder when 192 is divided by 90.
12
Calculate the remainder when 337 is divided by 86.
79
What is the remainder when 178 is divided by 54?
16
What is the remainder when 3729 is divided by 16?
1
What is the remainder when 112 is divided by 57?
55
Calculate the remainder when 1766 is divided by 34.
32
Calculate the remainder when 2022 is divided by 56.
6
Calculate the remainder when 288 is divided by 122.
44
What is the remainder when 110 is divided by 7?
5
Calculate the remainder when 802 is divided by 32.
2
Calculate the remainder when 790 is divided by 33.
31
What is the remainder when 1475 is divided by 184?
3
Calculate the remainder when 268 is divided by 132.
4
Calculate the remainder when 1543 is divided by 513.
4
What is the remainder when 1015 is divided by 22?
3
What is the remainder when 44 is divided by 11?
0
Calculate the remainder when 530 is divided by 22.
2
What is the remainder when 367 is divided by 96?
79
What is the remainder when 8313 is divided by 12?
9
Calculate the remainder when 381 is divided by 281.
100
What is the remainder when 2465 is divided by 144?
17
What is the remainder when 118 is divided by 41?
36
Calculate the remainder when 169 is divided by 54.
7
Calculate the remainder when 3945 is divided by 50.
45
What is the remainder when 58217 is divided by 20?
17
Calculate the remainder when 282 is divided by 120.
42
What is the remainder when 2022 is divided by 58?
50
What is the remainder when 23 is divided by 2?
1
Calculate the remainder when 462 is divided by 117.
111
What is the remainder when 235 is divided by 48?
43
Calculate the remainder when 129 is divided by 125.
4
Calculate the remainder when 1708 is divided by 17.
8
What is the remainder when 141 is divided by 58?
25
Calculate the remainder when 172 is divided by 81.
10
What is the remainder when 1747 is divided by 44?
31
What is the remainder when 3724 is divided by 18?
16
What is the remainder when 1223 is divided by 68?
67
Calculate the remainder when 951 is divided by 17.
16
Calculate the remainder when 138 is divided by 53.
32
Calculate the remainder when 130 is divided by 28.
18
What is the remainder when 622 is divided by 123?
7
Calculate the remainder when 725 is divided by 223.
56
What is the remainder when 271 is divided by 250?
21
What is the remainder when 243 is divided by 128?
115
What is the remainder when 15565 is divided by 181?
180
Calculate the remainder when 6207 is divided by 23.
20
Calculate the remainder when 1153 is divided by 35.
33
Calculate the remainder when 110 is divided by 10.
0
Calculate the remainder when 501 is divided by 103.
89
Calculate the remainder when 191 is divided by 72.
47
What is the remainder when 12871 is divided by 41?
38
What is the remainder when 689 is divided by 63?
59
Calculate the remainder when 585 is divided by 72.
9
What is the remainder when 135 is divided by 55?
25
Calculate the remainder when 610 is divided by 36.
34
Calculate the remainder when 797 is divided by 151.
42
Calculate the remainder when 5520 is divided by 11.
9
Calculate the remainder when 251 is divided by 118.
15
What is the remainder when 61 is divided by 32?
29
Calculate the remainder when 643 is divided by 19.
16
Calculate the remainder when 1458 is divided by 359.
22
What is the remainder when 1222 is divided by 127?
79
Calculate the remainder when 122 is divided by 62.
60
Calculate the remainder when 182 is divided by 100.
82
Calculate the remainder when 160 is divided by 41.
37
What is the remainder when 1234 is divided by 388?
70
What is the remainder when 336 is divided by 20?
16
Calculate the remainder when 73 is divided by 16.
9
What is the remainder when 488 is divided by 11?
4
Calculate the remainder when 4051 is divided by 807.
16
What is the remainder when 29 is divided by 8?
5
Calculate the remainder when 1445 is divided by 684.
77
What is the remainder when 697 is divided by 35?
32
Calculate the remainder when 328 is divided by 37.
32
Calculate the remainder when 1323 is divided by 6.
3
What is the remainder when 25 is divided by 22?
3
What is the remainder when 1207 is divided by 31?
29
What is the remainder when 174 is divided by 39?
18
Calculate the remainder when 274 is divided by 31.
26
What is the remainder when 586 is divided by 303?
283
What is the remainder when 223 is divided by 34?
19
What is the remainder when 121 is divided by 33?
22
What is the remainder when 170 is divided by 30?
20
What is the remainder when 262 is divided by 74?
40
What is the remainder when 1146 is divided by 572?
2
Calculate the remainder when 664 is divided by 5.
4
Calculate the remainder when 77 is divided by 44.
33
Calculate the remainder when 320 is divided by 17.
14
What is the remainder when 71 is divided by 19?
14
Calculate the remainder when 1832 is divided by 28.
12
Calculate the remainder when 219 is divided by 41.
14
Calculate the remainder when 54 is divided by 43.
11
Calculate the remainder when 101 is divided by 48.
5
What is the remainder when 683 is divided by 646?
37
Calculate the remainder when 160 is divided by 33.
28
What is the remainder when 549 is divided by 55?
54
What is the remainder when 351 is divided by 333?
18
Calculate the remainder when 313 is divided by 21.
19
What is the remainder when 61 is divided by 9?
7
Calculate the remainder when 87 is divided by 43.
1
What is the remainder when 497 is divided by 50?
47
What is the remainder when 466 is divided by 273?
193
What is the remainder when 219 is divided by 71?
6
Calculate the remainder when 59861 is divided by 33.
32
What is the remainder when 1394 is divided by 201?
188
What is the remainder when 705 is divided by 177?
174
What is the remainder when 31 is divided by 8?
7
What is the remainder when 2746 is divided by 7?
2
What is the remainder when 377 is divided by 24?
17
Calculate the remainder when 1023 is divided by 41.
39
What is the remainder when 117 is divided by 46?
25
What is the remainder when 70 is divided by 16?
6
Calculate the remainder when 373 is divided by 10.
3
Cal